 -12433. What is the remainder when w is divided by 29?
26
Let b = -387236 + 387237. Suppose -15 = -2*j + 21. Calculate the remainder when j is divided by b.
0
Let i(h) = 8*h**2 + 21*h - 5. Let z be i(-5). Suppose 76*d = 82*d - z. What is the remainder when 43 is divided by d?
13
Suppose -242 - 646 = 2*h. Let b = h - -476. Let x(c) = 60*c**2 + c. Calculate the remainder when x(1) is divided by b.
29
Suppose 6*t = 11*t - 360. Suppose 0 = -b + 88 + t. What is the remainder when b is divided by 27?
25
Suppose -5*g = 5*c - 310, 0 = 3*c + 184*g - 180*g - 183. Calculate the remainder when 447 is divided by c.
57
Suppose 68867*c = 68860*c + 2779. What is the remainder when c is divided by 195?
7
Let s be -10 - (10/9 - (-8)/(-72)). Calculate the remainder when -1*8*(-26)/4 is divided by (s/(-5) - 3)*(-140)/8.
10
Let o = 1022 - 973. What is the remainder when 1215 is divided by o?
39
Let t = -5450 - -5497. Calculate the remainder when 3476 is divided by t.
45
Let s = -3351 + 3434. What is the remainder when s is divided by 10?
3
Suppose -t = 5*u - 14 - 39, -91 = -2*t + 5*u. Suppose 4*c = -4, 0*c + 4*c - t = 4*b. Let l = 20 + b. Calculate the remainder when 54 is divided by l.
5
Suppose p + 132 = c, -738 = -4*c - 4*p - 226. Calculate the remainder when c is divided by 57.
16
Let u = 74 - 67. Suppose -5*b + u = 12, -5*r = -4*b - 604. What is the remainder when r is divided by 14?
8
Suppose -4*a - 30 + 38 = 0. Suppose -321 = -2*s + 3*q, q - 621 = -2*s - a*s. What is the remainder when 55 is divided by 21/(-49) + s/21?
6
Let m = 45 - 11. Suppose 35*s - 39 = m*s. Suppose -p + 5 = u, 13*p - 19 = 9*p - 3*u. What is the remainder when s is divided by p?
3
Let o(g) be the third derivative of g**5/15 - 2*g**4/3 - g**3/2 + g**2 + 17. Calculate the remainder when o(6) is divided by 26.
19
Let v(f) = 11*f**2 - 4*f + 3. Let i = -3080 + 3087. What is the remainder when v(2) is divided by i?
4
What is the remainder when 461 is divided by 127 - 6*(-28)/(-12)?
9
Let r(t) = -t**2 + 28*t - 23. Let l = 29 + -18. Calculate the remainder when l is divided by r(27).
3
Let d be -28*(-8)/32 - -24. Suppose d*y - 2331 = -32*y. What is the remainder when 108 is divided by y?
34
Suppose 5*f - 239 = 31. Let n be (-6)/33 + (-171)/(-33). Suppose -n*s = -7*s + f. What is the remainder when 80 is divided by s?
26
Let v = -12 + 14. Suppose 3*n - 8*t - 17 = -9*t, 4*n = -4*t + 36. Suppose -18 = -v*l + n. Calculate the remainder when 16 is divided by l.
5
Suppose 5*l - 5 = 25. Suppose 4*s + v - l = 0, 4*s = 3*v + v + 16. What is the remainder when (-3)/(-6)*72/s is divided by 7?
4
Let s be 0*(6 + (-2 - 5)). Let l = 2 + s. Calculate the remainder when 20 is divided by l.
0
What is the remainder when (-62*2/4)/((-20)/(-8) - 3) is divided by 25?
12
Suppose -3*h + 244 = -68. What is the remainder when h is divided by (-14)/(145 - 5)*-110?
5
Let r = 38516 - 36184. Calculate the remainder when r is divided by 1138.
56
Let s be -276*(-4 + (-14)/(-4)). Calculate the remainder when 32 is divided by (42/(-63))/((-2)/s*2).
9
Suppose v - 2 = 0, -126 + 1308 = -4*h + 3*v. What is the remainder when 28/6 - 98/h is divided by (-2)/3*-6*1?
1
Let k(i) = 14*i - 5. Let o be 0 - ((-17)/5 - (-4)/10). Let b be k(o). Let a = b - 12. Calculate the remainder when 123 is divided by a.
23
Let d = 24 - 16. Let r = 23 - d. Suppose 16*g - 132 = 4*g. Calculate the remainder when r is divided by g.
4
Suppose -50 + 250 = 4*s. Suppose 971 = 4*w + 5*j, 8*j = -3*w + 9*j + 733. Calculate the remainder when w is divided by s.
44
Calculate the remainder when 321 is divided by (-1119)/(-45) - 25 - 2312/(-15).
13
Suppose -28*m = -8*m - 40. Suppose m*b + 286 = 13*b. What is the remainder when 40 is divided by b?
14
Let w(h) = -36*h**2 - 3*h - 3. Let b be w(-1). Let z = b - -41. Let c(s) = -s**3 + 6*s**2 + 4*s - 10. What is the remainder when c(z) is divided by 9?
8
Suppose 27*n = -24*n - 22*n + 21097. What is the remainder when 601 is divided by n?
23
Suppose -2*f = 5*j - 821, 4*j + 3*f - 593 - 61 = 0. What is the remainder when 229 is divided by j?
64
Let d = -104 + 43. Let u = 242 + -241. Calculate the remainder when (-3 + u)/(2/d) is divided by 13.
9
Let u(c) = -65*c - 241. Let r(k) = 22*k - 115. Let z be r(5). Calculate the remainder when u(z) is divided by 29.
26
Suppose 0*p + 30 = 3*p. Suppose 28*q - 27 = -x + 32*q, 129 = 3*x + 4*q. What is the remainder when x + (-8)/(5 - -3) is divided by p?
8
Let o = 4670 - 4662. Calculate the remainder when 298 is divided by o.
2
Let f(c) = c + 6. Let s be f(0). Suppose -2*z - 5*w + 13 = -s, 4*w = -z + 11. Suppose 121*k = 130*k - 180. Calculate the remainder when k is divided by z.
6
Let w = -5 - -31. Suppose 5*f - 44 = w. What is the remainder when (-855)/72 - -12 - 2587/(-104) is divided by f?
11
Let x be -2 + -1 - (4 - 10). Suppose 0*j - x*k - 10 = j, 20 = -5*k. Suppose 0 = -0*z + 2*z - 10. What is the remainder when z is divided by j?
1
Suppose -139*t - 180 = -159*t. Calculate the remainder when 6117 is divided by t.
6
Suppose 4*c = -37 + 29 + 228. Let m(g) = 7*g + 2. Calculate the remainder when c is divided by m(2).
7
Calculate the remainder when 8457 is divided by (-3 + 396/(-84))*(-210)/9.
177
Let f = -7016 - -7220. Calculate the remainder when 796 is divided by f.
184
Suppose 7 = -3*j + 5*h + 65, j = -4*h + 8. Calculate the remainder when 1119 is divided by j.
15
Suppose 41*x - 2406 = 2760. Calculate the remainder when x is divided by 37.
15
Let k(n) = -n. Let o(i) = 22*i - 95. Let t(q) = 6*k(q) + o(q). What is the remainder when 150 is divided by t(7)?
14
Let l = -109 + 8. Let h = l - -127. Let t(i) = -2*i + 7. Calculate the remainder when h is divided by t(0).
5
Let m(t) = t**3 + 14*t**2 - 16*t - 10. Let s be m(-15). Suppose -s*v = -150 + 20. What is the remainder when 154 is divided by v?
24
Suppose 2*a = 4*b - 2334, -3*b - a + 1241 + 512 = 0. Let v = -362 + b. What is the remainder when v is divided by 25?
22
What is the remainder when -206*-4*45/36 is divided by 12?
10
Suppose -53048*p = -53032*p - 19984. What is the remainder when p is divided by 622?
5
Let a(h) = -4 + 1 + 6*h**2 - 3 + 0 + 5*h - h**3 - 3. Let k(q) = 3*q**2 - q. Let v be k(-1). What is the remainder when a(v) is divided by 23?
20
Suppose -a = -5*a. Let p = 7 + a. Let t = 124 - 101. What is the remainder when t is divided by p?
2
Let a = -28745 - -29924. What is the remainder when 2375 is divided by a?
17
Let m = -2 - -26. Suppose -23*y = -m*y - 16. What is the remainder when 4/y + 69/4 is divided by 10?
7
Let o(n) = 2*n**2 + 8*n - 6. Let q = 64 - 69. Calculate the remainder when 34 is divided by o(q).
2
Let t be (30/(-12))/(1/(-46)). Let a = 273 + -250. What is the remainder when -2 - (-3 + (3 - t)) is divided by a?
21
Let o = -4901 - -5689. What is the remainder when o is divided by 10?
8
Suppose -44*i + 60 = -28. Suppose 150 = i*t - 2*q + 4, 4*t = -q + 312. What is the remainder when t is divided by (-32)/(-3) - (-2)/(-3)?
7
Suppose -12*n = 3*x - 11*n - 43557, 43563 = 3*x + 2*n. What is the remainder when x is divided by 165?
162
Let q be ((-26)/10)/((-7)/35). Suppose -q = -m - 2*g, g = -2*m - g + 18. Suppose 8 = z - m. What is the remainder when 61 is divided by z?
9
Suppose 33726 - 7741 + 28791 = 167*a. What is the remainder when a is divided by 40?
8
Let q(g) be the second derivative of -g**5/10 - g**4/12 - g**3 - 3*g**2 + 23*g. Let w be q(-2). Let t = w + 25. What is the remainder when t is divided by 11?
10
Calculate the remainder when 349 is divided by 175/210*6 - (2 - (-67)/(-1)).
69
Suppose -183*x + 3204 = -24978. Let z = 22 + 26. What is the remainder when x is divided by z?
10
What is the remainder when 565 is divided by 16*((-24)/18)/(-3 + 48/18)?
53
Let x(q) = 2*q**2 + 3*q - 2. What is the remainder when 93 is divided by x(6)?
5
Let u be ((-900)/8)/((-9)/60). Let h = u - 690. Calculate the remainder when h is divided by 5.
0
Suppose 2*r - 69 = 117. Let h(j) = -2*j + 38. Let c be (2 - -13) + -6 - 3*2. Calculate the remainder when r is divided by h(c).
29
Let j be 9/4*-1*(-48)/(-18). Calculate the remainder when (-4)/j + (-11781)/(-27) + -6 is divided by 12.
11
Let b = -4 - -9. Calculate the remainder when ((-3)/(9/41))/(25/(-825)*11) is divided by b.
1
Let t(f) = -141*f**3 - 45*f**2 - 53*f -